ctors of 6515856495.
3, 5, 144796811
What are the prime factors of 1020334961?
31, 32914031
What are the prime factors of 4191979016?
2, 523997377
What are the prime factors of 3895785634?
2, 13, 11525993
List the prime factors of 809071892.
2, 151, 1339523
List the prime factors of 6436447247.
6436447247
What are the prime factors of 172041136?
2, 10752571
What are the prime factors of 64801576?
2, 7, 1157171
List the prime factors of 5207554245.
3, 5, 4733, 73351
What are the prime factors of 5882481?
3, 11, 59419
What are the prime factors of 639706545?
3, 5, 31, 152857
List the prime factors of 29610947.
241, 122867
What are the prime factors of 3005957?
17, 151, 1171
List the prime factors of 138708017.
7, 367, 53993
What are the prime factors of 70583625?
3, 5, 7, 8963
List the prime factors of 8391073.
8391073
List the prime factors of 4641641091.
3, 57304211
List the prime factors of 115587828.
2, 3, 17, 188869
List the prime factors of 1216450058.
2, 79, 641, 12011
List the prime factors of 364472672.
2, 11389771
List the prime factors of 5740443629.
5740443629
What are the prime factors of 206844226?
2, 3389, 30517
What are the prime factors of 184413720?
2, 3, 5, 1536781
List the prime factors of 126328986.
2, 3, 7, 19, 52769
List the prime factors of 332593449.
3, 8461, 13103
What are the prime factors of 87702447?
3, 7, 4176307
What are the prime factors of 1372383946?
2, 19, 37, 976091
What are the prime factors of 499387344?
2, 3, 10403903
List the prime factors of 108056484.
2, 3, 23, 41, 1061
List the prime factors of 267485735.
5, 11, 17, 523, 547
List the prime factors of 433527120.
2, 3, 5, 13, 15439
List the prime factors of 14488188.
2, 3, 11, 13, 8443
List the prime factors of 16238542.
2, 41, 198031
List the prime factors of 583995400.
2, 5, 19, 313, 491
What are the prime factors of 535429119?
3, 178476373
List the prime factors of 1619266825.
5, 11, 71, 239, 347
What are the prime factors of 94367403?
3, 13, 20681
List the prime factors of 1195399815.
3, 5, 23, 150649
List the prime factors of 5771432708.
2, 1442858177
List the prime factors of 6654441.
3, 89, 24923
What are the prime factors of 18250430?
2, 5, 11, 15083
What are the prime factors of 1145181785?
5, 11, 20821487
List the prime factors of 992520865.
5, 7, 28357739
What are the prime factors of 3734344?
2, 577, 809
What are the prime factors of 181785157?
12211, 14887
List the prime factors of 245046002.
2, 19, 23, 280373
What are the prime factors of 652899699?
3, 72544411
List the prime factors of 606936895.
5, 3793, 32003
What are the prime factors of 510566790?
2, 3, 5, 17018893
What are the prime factors of 4876532155?
5, 11, 1373, 64577
List the prime factors of 259577940.
2, 3, 5, 37, 116927
List the prime factors of 106729322.
2, 7, 7623523
List the prime factors of 44275964.
2, 11068991
What are the prime factors of 1744967834?
2, 59, 14787863
List the prime factors of 4360647366.
2, 3, 1447, 55807
What are the prime factors of 1316542654?
2, 7, 157, 598973
List the prime factors of 230603883.
3, 43, 67, 26681
List the prime factors of 130956977.
367, 356831
List the prime factors of 405767791.
11, 13, 61, 181, 257
List the prime factors of 25513749.
3, 43, 65927
What are the prime factors of 2290420089?
3, 31, 8209391
What are the prime factors of 18398987?
157, 117191
List the prime factors of 201507119.
11, 181, 101209
List the prime factors of 606649917.
3, 19, 127, 181, 463
What are the prime factors of 252904708?
2, 7, 29, 293, 1063
What are the prime factors of 16149604?
2, 4037401
List the prime factors of 1618910743.
383, 883, 4787
What are the prime factors of 7614619772?
2, 127, 2251, 6659
What are the prime factors of 2407988204?
2, 29, 715811
List the prime factors of 33570164.
2, 127, 66083
What are the prime factors of 2204886086?
2, 13, 84803311
What are the prime factors of 1858244650?
2, 5, 19, 1956047
What are the prime factors of 17218820?
2, 5, 860941
What are the prime factors of 8690484698?
2, 7, 620748907
List the prime factors of 44035792.
2, 53, 51929
List the prime factors of 2628896890.
2, 5, 262889689
List the prime factors of 3413276766.
2, 3, 197, 499, 643
List the prime factors of 2852801309.
35317, 80777
What are the prime factors of 103896552?
2, 3, 4329023
What are the prime factors of 25044926?
2, 19, 659077
List the prime factors of 10751836.
2, 251, 10709
What are the prime factors of 7575071807?
307, 1637, 15073
List the prime factors of 86748537.
3, 137, 211067
List the prime factors of 52744160.
2, 5, 7, 47093
List the prime factors of 1700505810.
2, 3, 5, 79, 239171
What are the prime factors of 133626866?
2, 66813433
What are the prime factors of 1732257900?
2, 3, 5, 213859
What are the prime factors of 11846586?
2, 3, 17, 37, 43, 73
List the prime factors of 417188356.
2, 13, 47, 211, 809
What are the prime factors of 1525000131?
3, 169444459
What are the prime factors of 597512508?
2, 3, 49792709
What are the prime factors of 293704045?
5, 58740809
What are the prime factors of 2857977922?
2, 1428988961
List the prime factors of 2361648274.
2, 1180824137
What are the prime factors of 264427771?
29, 911, 10009
List the prime factors of 615533991.
3, 4093, 50129
What are the prime factors of 10330080?
2, 3, 5, 21521
What are the prime factors of 46580517?
3, 2053, 2521
List the prime factors of 1864771647.
3, 61, 10190009
List the prime factors of 1049579689.
127, 8264407
What are the prime factors of 317141795?
5, 63428359
List the prime factors of 862571723.
13, 73, 908927
List the prime factors of 2394744280.
2, 5, 739, 81013
List the prime factors of 49574175.
3, 5, 7, 94427
What are the prime factors of 1947756344?
2, 243469543
What are the prime factors of 95062843?
95062843
List the prime factors of 3672566559.
3, 17, 31, 774313
What are the prime factors of 838547661?
3, 7, 17, 233, 593
What are the prime factors of 250262350?
2, 5, 13, 521, 739
List the prime factors of 6476349.
3, 11, 229, 857
List the prime factors of 180084634.
2, 90042317
List the prime factors of 536894776.
2, 11, 6101077
List the prime factors of 46458089.
89, 109, 4789
List the prime factors of 331043435.
5, 66208687
List the prime factors of 86665689.
3, 11, 61, 113, 127
What are the prime factors of 75350682?
2, 3, 11, 47, 2699
What are the prime factors of 822874122?
2, 3, 7, 197, 33151
List the prime factors of 80061759.
3, 8895751
What are the prime factors of 71203155?
3, 5, 4746877
What are the prime factors of 3375901198?
2, 1687950599
List the prime factors of 943268442.
2, 3, 29, 1493, 3631
List the prime factors of 102327727.
102327727
List the prime factors of 55100166.
2, 3, 11, 281, 2971
List the prime factors of 1474639196.
2, 368659799
List the prime factors of 5920154199.
3, 673, 977407
What are the prime factors of 1612687488?
2, 3, 4199707
What are the prime factors of 532710221?
2333, 228337
What are the prime factors of 132536680?
2, 5, 3313417
List the prime factors of 1384315362.
2, 3, 1123, 68483
What are the prime factors of 129924985?
5, 409, 63533
What are the prime factors of 348333458?
2, 11, 41, 9419
What are the prime factors of 11323630?
2, 5, 29, 39047
What are the prime factors of 124616860?
2, 5, 223, 27941
What are the prime factors of 13198933?
11, 67, 17909
List the prime factors of 936268690.
2, 5, 7, 13375267
List the prime factors of 4172623598.
2, 11, 13, 463, 31511
List the prime factors of 1826696085.
3, 5, 3457, 35227
List the prime factors of 13577238.
2, 3, 571, 1321
List the prime factors of 85851873.
3, 127, 25037
What are the prime factors of 404091596?
2, 101022899
What are the prime factors of 30988517?
7, 53, 101, 827
What are the prime factors of 1045822512?
2, 3, 7, 23, 135329
What are the prime factors of 1492822312?
2, 719, 259531
What are the prime factors of 742856295?
3, 5, 49523753
List the prime factors of 1233911009.
337, 3661457
List the prime factors of 2328798007.
2328798007
What are the prime factors of 3461715196?
2, 83, 239, 43627
What are the prime factors of 2540425455?
3, 5, 1381, 40879
List the prime factors of 63470234.
2, 523, 60679
What are the prime factors of 1050934056?
2, 3, 43788919
List the prime factors of 79403519.
13, 601, 10163
Lis